test common factor of v and l.
9
Let a = 179 - -19. Suppose -a = -8*m + 858. What is the greatest common factor of m and 12?
12
Let a be -45*(-7)/(42/4). Let h = 34 - a. What is the highest common factor of 4 and h?
4
Let o(y) = -2*y**3 + 14*y**2 + 32. Let v be o(7). What is the greatest common divisor of 16 and v?
16
Let m be (-4292)/(-12) + (-12)/(-9). Let y = m + -244. Let o = y - 52. Calculate the highest common factor of 9 and o.
9
Let k be ((-228)/(-16))/(2/24). Let s(u) = -u**3 + 6*u**2 - 6. Let y be s(5). Calculate the highest common factor of y and k.
19
Suppose 0 = n + 24 - 37. Suppose -14*s + n*s = -24. What is the greatest common factor of 168 and s?
24
Let p(g) = -24 + 53 - 23 + 23*g. Let n be p(6). What is the greatest common divisor of 16 and n?
16
Let u(h) = h**2 + 3*h - 21. Let k be u(-8). Let c = k - 17. Suppose c*g - 3 = g. What is the greatest common factor of 6 and g?
3
Let g = -152 - -158. Calculate the highest common factor of g and 3.
3
Let g be (-1820)/(-100) - (-4)/(-20). What is the highest common divisor of g and 168?
6
Let v be 10/(-140) - (-10308)/56. Let g(q) = -2*q + 2. Let r be g(-3). What is the highest common factor of r and v?
8
Let w be (10/(-4))/((-190)/60 + 3). What is the highest common factor of 95 and w?
5
Suppose -5*x + 4*z = 7, 2*x + x + 2*z - 9 = 0. Let b be x/(-2) + (-6)/(-4). Let l = 6 + -4. What is the highest common divisor of b and l?
1
Suppose 4*z - 353 - 225 = -2*a, a - 577 = -4*z. Calculate the highest common factor of 32 and z.
16
Suppose -771 + 231 = -9*j. What is the greatest common divisor of 165 and j?
15
Suppose -t + 5*b = -17, -2*t + 3*b + 16 = -b. Suppose -14 + 250 = 4*g + t*a, 4*g + 3*a - 234 = 0. What is the greatest common divisor of g and 45?
15
Suppose -7*i - 14 = f - 3*i, 2 = 5*f + 2*i. Let x(u) = 4*u**2 - 3*u + 6. Let g be x(2). What is the greatest common divisor of f and g?
2
Let z = 557 - 847. Let w = z + 444. Let o = 26 + -12. What is the highest common factor of w and o?
14
Let w = -53 - -92. Let j = -29 + w. Suppose -8*v + j*v = 156. What is the highest common divisor of 39 and v?
39
Let m be (-58)/(-18) - 2/9. Suppose -l - 62 = -m*v, 42 = 4*v + 2*l - 54. Calculate the greatest common divisor of 242 and v.
22
Let h = -9 + 16. Let n = 32 - 9. Let v = 44 - n. What is the greatest common factor of h and v?
7
Let t be ((-8)/(-12))/(2/15). Let f be (-4)/(-20)*3*t. Suppose -f*b + 63 + 9 = 0. Calculate the greatest common divisor of 72 and b.
24
Let d be (-31)/(1*3/(-57)). What is the greatest common factor of d and 31?
31
Suppose 7*y = 3*y + 44. Suppose 2*s - 4*j + 98 = 7*s, 4*j + 122 = 5*s. Calculate the greatest common divisor of s and y.
11
Let g be (-240)/(-8) + -4 + -1. Suppose g = 13*q - 27. What is the highest common factor of q and 1?
1
Let o(r) = 18*r - 38. Let p be o(15). What is the greatest common divisor of p and 40?
8
Let n = -1854 - -3330. Calculate the greatest common divisor of 9 and n.
9
Suppose 81 = m - 3*v, -3*m = -8*m - 5*v + 385. What is the highest common divisor of 26 and m?
26
Suppose 3*x = 3*z + 227 - 647, 3*z - 2*x = 419. Suppose 4*h = z + 57. What is the greatest common divisor of 7 and h?
7
Suppose -3*w + 1611 - 644 = 2*t, 12 = -3*t. What is the highest common divisor of 25 and w?
25
Suppose 0 = -4*d - 2*g + 286, 4*d - g - 268 = 3*g. What is the greatest common factor of d and 20?
10
Let y be ((-30)/4)/(69/(-920)). Calculate the greatest common factor of y and 200.
100
Suppose 5*d = x - 3*x + 85, 5*x - d - 145 = 0. Let a be 100/x*9/2. Calculate the highest common divisor of a and 60.
15
Suppose -3*k + 167 = -217. Suppose -2*j = -5*t - 5 - 14, j + 5*t + 13 = 0. Suppose -j*l + 2 + 30 = 0. What is the highest common divisor of l and k?
16
Suppose -6*w + 2*w + 8 = 0. Suppose l + 37 = 5*b, -2*b + 0*l + 22 = w*l. Calculate the highest common divisor of b and 20.
4
Suppose 34 - 42 = 4*o. Let l(b) = -2*b + 3. Let a be l(o). Calculate the greatest common factor of a and 1.
1
Let m(k) = -3*k - 29. Let f be m(7). Let o = 52 + f. Calculate the greatest common divisor of 1 and o.
1
Let f be 7 + (-2 - 0) + -3. Suppose 0 = -2*j - f*j + 80. What is the greatest common factor of 20 and j?
20
Let g = 75 - 136. Let c = 64 + g. Suppose 0 = -l - 5, i + l + 1 = -1. Calculate the greatest common factor of c and i.
3
Suppose 0 = -16*t + 18*t - 364. Let i be -26*((-2)/8 + (-12)/16). Calculate the greatest common factor of i and t.
26
Suppose -20*r + 39*r = 1710. What is the highest common factor of r and 54?
18
Suppose 24*r - 26*r + 49*r - 2726 = 0. Suppose -3*a + 269 + 79 = 0. Calculate the greatest common divisor of r and a.
58
Let f(m) = m**3 - 14*m**2 + 11*m - 42. Let p be f(14). Calculate the highest common factor of 84 and p.
28
Let c(g) = -2 + 2*g + 10 - 2. Let u be c(-4). Let x be ((-1)/u)/((-1)/(-34)). Calculate the greatest common factor of 51 and x.
17
Let w = -49 - -61. What is the highest common divisor of w and 30?
6
Let w(d) = 3*d**3 - 35*d**2 + 12*d + 90. Let u be w(12). What is the highest common divisor of u and 42?
42
Suppose -21*o + 24*o - 285 = 0. Let m = o + 73. What is the greatest common factor of m and 24?
24
Suppose 0 = -5*w + q + 75, -4*w - 3*q + 58 = 17. Calculate the greatest common divisor of w and 14.
14
Suppose j - 84 = -4. Suppose 2*y + 0*y = 4. Let w = 12 - y. Calculate the highest common divisor of w and j.
10
Let d = 0 - -295. Let c = -155 + d. What is the highest common factor of c and 14?
14
Suppose 3*g - 5*g - 4*j = -44, -5*g = -3*j - 175. Let o = -20 + g. Let f(u) = 6*u. Let m be f(2). What is the greatest common divisor of m and o?
12
Suppose -5*d - 78 = 22. Let f be (-63)/(-5) - (-12)/d. Let h be (f/24)/((-2)/(-352)). What is the greatest common factor of h and 11?
11
Suppose o - 5 = -z, 0*z - 5*z + 4*o = -7. Suppose 0 = 5*v + 5*w - 105, -5*v - z*w + 84 = -5*w. What is the highest common factor of v and 18?
18
Let s = 412 + -276. Calculate the highest common factor of s and 17.
17
Suppose 0 = -5*j + 4 + 36. Let d(k) = -3*k**2 + 5*k + 16 - 13 + j*k**2. Let c be d(-4). What is the highest common divisor of 7 and c?
7
Let n be 2648/5 - 6/10. Let m = n - 322. Calculate the greatest common divisor of m and 23.
23
Let v(w) = 2*w**3 - 3*w**2 - w + 2. Let x be v(3). Let h = 45 - x. Calculate the greatest common factor of h and 19.
19
Let v = 23 + -20. Let z be v*3/(2 + 1). Calculate the highest common factor of 9 and z.
3
Let i(c) = c**3 - 5*c**2 - 6*c + 5. Let d be i(6). Suppose 3*j - 27 = -6. Suppose 98 = 3*o - j. Calculate the greatest common factor of o and d.
5
Let m(i) = 2*i + 18. Let t be m(-8). Let v be ((-195)/10 - (1 + t))*-2. What is the greatest common factor of 18 and v?
9
Let m = 170 - 116. Calculate the highest common factor of 27 and m.
27
Suppose -4*v + 6*v + 44 = 0. Let f(o) = o**3 + 23*o**2 + 22*o + 8. Let u be f(v). Calculate the highest common factor of u and 40.
8
Suppose -l = -4*u - 33, 4*u - 83 = 3*l - 6*l. Calculate the greatest common factor of l and 58.
29
Let t(l) = 550*l - 34. Let s be t(1). What is the highest common divisor of 12 and s?
12
Suppose -3*z + 6*z - 146 = 2*b, 4*z = -2*b + 204. What is the greatest common divisor of 4 and z?
2
Suppose 0 = -2*f - 1 + 11. Suppose 0 = k - f*y, 7 + 9 = 2*k - 2*y. Let w = -10 - -14. Calculate the greatest common divisor of w and k.
2
Let g = 72 - 90. Let q(w) = w**2 - 9*w. Let d be q(7). Let s = d - g. What is the greatest common divisor of s and 32?
4
Let s be -35 + (-3)/((-3)/3). Let w be (s - 1)*(-4)/3. Suppose -3*r + 2*r + 4 = 4*c, 5*r = -c + 20. What is the highest common factor of w and r?
4
Suppose -2*l = 5*p - 208, 3*l = 21*p - 20*p - 45. Calculate the highest common factor of 1722 and p.
42
Let u = 8 + -5. Suppose -9 = -2*j - u*v, 5*v + 0*v + 1 = 2*j. Suppose -j*y + 72 = y. What is the greatest common factor of 12 and y?
6
Let x be ((-10)/6)/(8/(-96)*1). Let q = -26 + 56. What is the highest common divisor of q and x?
10
Let j = 36 - 32. Suppose 5*g - 68 = j*n, 2*n - 5 - 33 = -2*g. What is the greatest common factor of g and 8?
8
Let j be ((1 + -37)/4)/1. Let a(y) = y**2 + 11*y - 12. Let v be a(j). Let i = v + 37. Calculate the highest common divisor of 1 and i.
1
Suppose 3*q + 800 = 4*a, 4*q - 1087 = -4*a - 287. Let v = -35 - -75. What is the greatest com